-4).
5
What is the value of 5 - ((3 + -2 - 3) + 3)?
4
Calculate -5 + 2 - (-2 - -4).
-5
-1 + (4 - (0 + -2) - 5)
0
(-7 - -6) + (-2 - -2)
-1
Evaluate (4 - (4 - 0)) + 1 + 3.
4
What is -3 + 12 + 11 + -23?
-3
What is 9 - (-9 + 24 + -6)?
0
Evaluate -3 - ((0 - -1) + -5) - 2.
-1
Calculate 13 - (5 - (-12 + 7)).
3
Calculate (2 - 6 - (1 - 1)) + 5.
1
Calculate -3 + 9 + (-1 - -1).
6
What is the value of 2 + -1 + -3 + 3?
1
Calculate (4 + -3 - -1) + 0.
2
Calculate -1 - -4 - (-14 - -18).
-1
Evaluate -18 + 1 + 17 + 0 + -6.
-6
Calculate -3 - ((-2 - -11) + -7).
-5
Calculate (0 + -3 - -5 - 6) + 5.
1
Calculate 0 + 1 + 5 + -6.
0
Calculate (-7 - -1) + (1 - (6 - 8)).
-3
-5 - -4 - 2 - -6
3
What is (2 + 3 - 3) + -3?
-1
What is the value of -7 + (1 - -1) - (45 + -43)?
-7
1 + -3 + 9 - (2 + -1)
6
What is the value of -2 - (1 + -3) - 0?
0
What is -17 - -17 - (-1 - 1)?
2
What is the value of (1 - 5) + 1 + 0?
-3
What is the value of (-7 - -1) + 3 + 0 + 3?
0
What is 1 + 0 + 4 - 0?
5
Evaluate 1 + 4 - (12 - (-12 - -23)).
4
What is the value of 24 + -19 + 2 + -2?
5
Evaluate 1 + (-5 - (1 - 5) - -3).
3
What is -5 + (-7 - -3) + (-7 - -21)?
5
(3 - -1) + -6 + 2 + -1
-1
-3 + (-5 - ((5 - 6) + -5))
-2
What is (-7 - -1) + 4 - -2?
0
Calculate -1 + -8 + 30 + -24.
-3
What is -1 + (-1 - (3 - 8)) - 5?
-2
Calculate -12 + (-6 - -15 - 0).
-3
Evaluate -3 + (9 - 9) + 2 + 0.
-1
Calculate 1 + 1 + 16 + -14 - 6.
-2
Evaluate 7 - (-8 + 11 + 3).
1
Evaluate -1 + 5 + (-2 - (6 + -7)).
3
Evaluate -9 + 0 - (-9 - (-4 + 0)).
-4
What is the value of 11 + (-1 - (5 - (1 + 1)))?
7
What is the value of -4 + 3 + -7 + 3?
-5
What is 1 + (1 + -3 - (-25 - -31))?
-7
Calculate (-4 - (-6 - 1)) + -8.
-5
What is the value of 0 - -3 - (4 - -3) - 0?
-4
-2 + 4 + (-1 - -6)
7
Evaluate 1 - (3 + (-3 - -8 - 4)).
-3
What is the value of (4 - (5 - -6)) + 16?
9
What is the value of -4 + (0 - -1 - 1)?
-4
-1 + 0 - (-9 + 4 - -3)
1
What is 2 - ((1 - 2) + (-1 - 1))?
5
Calculate 6 + -5 + 2 - 2.
1
Evaluate 4 - (4 - 2 - -3).
-1
What is the value of 1 - ((-3 + 0 - -2) + 2)?
0
Calculate 0 + -11 + 3 - (-6 + 2).
-4
What is the value of 0 + 2 + -3 + (-2 - -4)?
1
(3 + -1 - 0) + 4 + -1
5
Calculate 6 + (2 - (4 + 6) - 5).
-7
Evaluate 3 + (9 - 3 - 9).
0
What is the value of 0 + 4 + -9 + (4 - 1)?
-2
Evaluate -5 - ((-7 - -2) + 1).
-1
Calculate 1 - 2 - (2 + 1 + -2).
-2
Calculate -1 + -5 + 5 - (1 - 1).
-1
What is the value of (1 - 2) + (-2 - (-6 + 4))?
-1
-10 - ((3 - 2) + (-5 - 1))
-5
Evaluate (2 - 8) + 9 + -5.
-2
3 - 6 - -5 - -6
8
(-2 + 9 - 0) + -15
-8
Evaluate 4 - (-4 - -11) - -8.
5
0 + -5 + -6 + 11
0
3 + -8 + -3 + 5
-3
What is the value of -14 - (-40 + 28 + 0 + 7)?
-9
-3 + 0 + -11 + -19 + 26
-7
Evaluate (-4 - -3 - (8 - 0)) + 7.
-2
-4 - (-25 - -9 - -7)
5
Evaluate 3 + -4 + 1 + -1.
-1
Calculate (0 - 1) + 5 + -2.
2
Calculate -1 - (-3 - -1) - (0 - 2).
3
-1 + (-6 + 5 + -1 - 2)
-5
What is -3 - -7 - (2 - (1 + -4))?
-1
What is (2 - 7) + (3 - (-3 + 9))?
-8
Evaluate -6 + -1 + 7 + (4 - 7).
-3
What is (3 - 5) + (2 - -5)?
5
Calculate -1 + -3 - (-3 + -3 + 5).
-3
Evaluate -3 + (7 + -4 - (-5 + 1)).
4
What is the value of 0 - 1 - (1 - 2)?
0
3 + (3 - (5 - 2))
3
Calculate -8 + (10 + 1 - 4).
-1
What is the value of -3 + 0 + (16 + -37 - -22)?
-2
What is -1 + -1 + 6 + (-4 - 1)?
-1
What is the value of -5 - -4 - 2 - -7?
4
Evaluate 0 + -2 + (-2 - (2 - 5)).
-1
Calculate -4 - (1 + -4 + 4).
-5
What is the value of (2 + -3 - -1) + -1?
-1
What is the value of 3 + (-3 - 14) - -7?
-7
What is the value of -3 + -3 - -2 - (29 - 37)?
4
Evaluate (-29 - -35) + 2 + -3 + 4.
9
Evaluate -3 - (-5 - 1 - (2 + -5)).
0
Calculate 3 - (-3 - (-6 + 7)).
7
What is the value of -3 + 11 - 2 - (-13 + 23)?
-4
What is -12 + (1 + 5 - -1) - -4?
-1
What is the value of (-4 + 0 - -4) + (-4 - 1)?
-5
What is (13 - 6) + 3 - 8?
2
What is the value of 1 + 5 + (5 - (-7 + 21))?
-3
What is the value of -3 - (-8 + 9) - (-6 + -1)?
3
Calculate 6 + -3 + 1 + -4 + 6.
6
3 + (7 - (-1 + 7))
4
2 + 1 - (2 - (-2 + 4))
3
Evaluate -165 + 157 - (-1 + -9).
2
What is the value of 6 + -2 + -11 + 0?
-7
1 + -6 + 10 + -9
-4
Evaluate -2 - (-1 + -7 + -2 + 3).
5
Calculate (-4 - -15) + (1 - -2) + -4.
10
Calculate 4 - ((5 + -1 - -5) + -5).
0
Calculate -2 + 2 + -12 + 15.
3
What is (-6 - 5) + 8 - (-1 + -2)?
0
-2 + -6 + 2 + 4
-2
Evaluate -10 + 20 + (-16 - -4).
-2
(-4 + -1 - (-1 - 4)) + -5
-5
-1 + (-3 - -4) + (-3 - 4)
-7
Evaluate -5 - (1 + -2 + -2 + 2).
-4
Calculate 165 + -166 - ((2 - 0) + -5).
2
What is the value of -3 - (1 + -1) - -9?
6
2 - (6 - 3) - 1 - 1
-3
What is the value of (20 - (31 + -17)) + (-1 - 1)?
4
Calculate -13 + 0 + 7 + 1 + 0.
-5
Evaluate (-1 - (-7 - -4)) + -1.
1
Evaluate -2 + -2 + 1 - -8.
5
Calculate -10 + (2 - (-2 - (-5 - -7))).
-4
What is the value of (1 - -1 - -1) + 43 + -48?
-2
Evaluate (1 - (2 - 5)) + 1 + -8.
-3
Calculate -50 - -49 - (-1 - -4).
-4
Calculate (9 - (-4 + 10)) + -4.
-1
What is the value of 4 + (4 + -7 - -1 - 5)?
-3
What is 2 + (-3 - (-4 - (-9 + 5)))?
-1
What is the value of (-13 - -10) + (4 - -1) + -5?
-3
Calculate -7 + -1 + 4 - 1.
-5
What is (-1 - 8) + 2 + 2?
-5
What is the value of -1 + -5 + (9 - -4 - 8)?
-1
What is the value of 10 + -6 + -7 - -4?
1
Evaluate 4 + -10 + (5 - -3).
2
-3 - -1 - (-1 - -3)
-4
What is (8 - (6 + -4)) + 4 + -5?
5
What is 0 + -2 - -1 - 1?
-2
(-2 + (2 - 3) - -7) + 1
5
0 + -4 + -5 + 8 + -3
-4
-5 + -1 + 12 + -2
4
What is 0 + 0 - (3 + -2 - -1)?
-2
What is 3 - (4 - (3 + 3))?
5
What is the value of (1 - 5 - 0) + 0?
-4
Evaluate (-16 - -10) + -3 + 4.
-5
What is (28 - 20) + (-4 - (-6 - -3))?
7
What is the value of 4 - 2 - (2 + 3 + -10)?
7
Calculate -4 - (-5 + 10 - 14).
5
4 + -1 + 1 + -9
-5
(2 - -3) + -2 + 2 + -2
3
Calculate (3 - (6 + -7)) + (-8 - -2).
-2
Evaluate -3 - (-1 + 0 - 1).
-1
What is -1 + 4 - (-6 + 2)?
7
What is the value of (7 - 15) + 0 + 6?
-2
Evaluate 11 + (-6 - (6 + -1)).
0
Calculate -3 - -1 - -2 - (-10 + 7).
3
What is 6 - (9 + (-5 - 2))?
4
Calculate (-4 - 0) + 13 + -2 + -2.
5
Evaluate -4 + 1 + (2 - 1).
-2
0 + (7 - 4) - 1
2
What is 0 - (5 - 11) - 1?
5
Calculate -6 + (-3 + 1 - -2).
-6
Calculate (-1 - 3) + -3 + 12.
5
What is the value of -7 + -1 + (-24 - -29 - 7)?
-10
Evaluate 3 - (0 + 4 + -5).
4
What is the value of -1 + 1 + -9 + 0 + 5?
-4
Evaluate -15 + 15 + 0 + -4 + 2.
-2
Calculate -3 + (8 + -4 - 0) + 4.
5
What is the value of 15 + -2 + (-11 - -18 - 13)?
7
What is 8 + (-7 - (-2 + -2)) - 3?
2
-6 - (-1 - (-7 - -8))
-4
Evaluate 17 + (-8 - (0 - -3)).
6
What is 1 + -6 - (8 + (-8 - 5))?
0
What is the value of 15 + -21 + (9 - (1 - 3))?
5
Calculate -5 + (0 - (4 + 3 + -6)).
-6
What is 69 + -72 + 2 + 0?
-1
What is 5 + (-5 - -4) + -5 + 9?
8
What is -13 + 1 - (5 + -20 + 12)?
-9
-1 + (2 - ((0 - 2) + 6))
-3
What is 9 - (8 + 6 + -7)?
2
What is -2 - (3 - (-8 - -8))?
-5
-1 - (0 - (-3 + 1))
-3
What is -7 + 6 + 7 - (-3 - -4)?
5
2 - (8 - 9 - (-1 + 3))
5
Calculate (3 - -1) + -1 + -5.
-2
0 + 1 - (-2 + (6 - -5))
-8
1 - 2 - (31 + -40)
8
Calculate -13 + 16 + -1 + -5.
-3
-28 + 23 - (-6 - (0 - 1))
0
What is the value of 3 + (5 + -9 + -2 - -2)?
-1
(9 - 1) + (164 - 167)
5
(0 + -4 - (-3 - -1)) + -3
-5
Calculate 11 + -5 + -8 + -1.
-3
Evaluate 6 - (13 - (-7 - -9)).
-5
What is 5 - (4 + 4 + -14 - -12)?
-1
Calculate -5 + 6 + 0 + -1 + -3.
-3
Calculate 7 - 6 - (-1 - (4 - 3)).
3
What is the value of (-2 - 2) + -5 + 5 + -2?
-6
Calculate -2 - -7 - -2 - 7.
0
Evaluate -5 + (-11 - -14) - (-1 - 11).
10
9 - ((7 - 4) + 9 + -5)
2
What is 2 + -1 + 1 - 4?
-2
0 - (-11 + 0 + 6)
5
Calculate (9 - 8) + (0 - (2 + -2)).
1
Evaluate (-3 - (-13 + -10)) + -12.
8
13 + 15 + -20 + (-1 - 1)
6
5 + (-17 - (7 + -16))
-3
1 - -2 - (11 + (-5 - 4))
1
Calculate (4 - (-3 + 3)) + -8 + -1.
-5
2 + 2 + 1 - (5 + 2)
-2
Calculate -2 + (5 - (2 - -2 - 1)).
0
What is the value of -2 - (1 - -2 - 7)?
2
What is -1 + (-14 - (-13 - 9))?
7
Calculate -1 - (-5 + 6) - (3 + -10).
5
8 - ((1 - 1) + 2 + 1)
5
2 - (-4 + 2 - (1 - 4))
1
What is the value of (3 - -9) + (7 - (5 + 9))?
5
(-2 - -4) + (-4 - 3 - -5)
0
Calculate 4 - (3 - (3 - 8)).
-4
Calculate (4 + -4 - (5 + 1)) + 1.
-5
Calculate 3 + (4 + -16 - -4).
-5
What is the value of -3 + 4 + (3 - 5)?
-1
Evaluate (-33 - -33) + -5 + 1.
-4
Calculate 43 + -54 - (-3 - -1).
-9
0 + (1 - -4 - 0)
5
What is 2 + (-3 - (0 + 0))?
-1
Calculate 4 - (10 - 6 - (-5 + 2)).
-3
What is 4 + (-2 - (0 + -2 + 4))?
0
15 + (9 - 24 - -4)
4
-14 - (1 + -11 - 5)